{"id":167,"date":"2024-04-11T09:10:02","date_gmt":"2024-04-11T09:10:02","guid":{"rendered":"https:\/\/balzfeld.de\/?page_id=167"},"modified":"2024-11-20T14:19:10","modified_gmt":"2024-11-20T14:19:10","slug":"asiatische-hornisse","status":"publish","type":"page","link":"https:\/\/balzfeld.de\/?page_id=167","title":{"rendered":"Asiatische Hornisse"},"content":{"rendered":"\n<p><a href=\"https:\/\/www.dielheim.de\/rathaus-service\/aktuelles\/aktuelles?tx_hwnews_hwnews%5Baction%5D=show&amp;tx_hwnews_hwnews%5Bcontroller%5D=Newsartikel&amp;tx_hwnews_hwnews%5BnewsartikelId%5D=891&amp;cHash=75c23344820228e29066ceda5eb8d084\" target=\"_blank\" rel=\"noreferrer noopener\">Asiatische Hornisse breitet sich aus \u2013 bitte Sichtungen melden!: Gemeinde Dielheim<\/a><\/p>\n\n\n\n<p>Die Asiatische Hornisse, eine invasive gebietsfremde Art, hat sich im Jahr 2023 massiv in Baden-W\u00fcrttemberg ausgebreitet. Sie kann insbesondere Sch\u00e4den an Honigbienenv\u00f6lkern, aber auch im Obst- und Weinbau verursachen. Im Fr\u00fchjahr baut die Asiatische Hornisse kleine Prim\u00e4rnester an gesch\u00fctzten Stellen (z.B. an Decken von Garagen und Gartenh\u00e4uschen). Im Lauf des Sommers werden bis zu einem Meter gro\u00dfe Sekund\u00e4rnester im Freien, h\u00e4ufig hoch oben in Baumkronen, gebaut. Die Art verh\u00e4lt sich grunds\u00e4tzlich wenig aggressiv und Stiche sind vergleichbar mit denen der heimischen Europ\u00e4ischen Hornisse oder Wespen, dennoch kann es in Einzelf\u00e4llen zu allergischen Reaktionen kommen. Von Nestern sollte Abstand gehalten und diese nur von Personen mit Fachkenntnis und Schutzausr\u00fcstung entfernt werden, um Attacken und Stiche zu vermeiden.<\/p>\n\n\n\n<figure class=\"wp-block-image size-full\"><img decoding=\"async\" loading=\"lazy\" width=\"635\" height=\"403\" src=\"https:\/\/balzfeld.de\/wp-content\/uploads\/2024\/04\/image.png\" alt=\"\" class=\"wp-image-170\" srcset=\"https:\/\/balzfeld.de\/wp-content\/uploads\/2024\/04\/image.png 635w, https:\/\/balzfeld.de\/wp-content\/uploads\/2024\/04\/image-300x190.png 300w\" sizes=\"(max-width: 635px) 100vw, 635px\" \/><\/figure>\n\n\n\n<p><strong>Um m\u00f6glichst rasch Ma\u00dfnahmen zum Fang der K\u00f6niginnen und Beseitigung der Nester der Asiatischen Hornisse zu veranlassen, bittet das Ministerium f\u00fcr Umwelt, Klima und Energiewirtschaft um Meldung von Sichtungen in Baden-W\u00fcrttemberg.<\/strong>&nbsp;Dies ist \u00fcber die Meldeplattform auf der Homepage der Landesanstalt f\u00fcr Umwelt (LUBW), aber auch \u00fcber die kostenlose \u201eMeine Umwelt-App\u201c m\u00f6glich:<\/p>\n\n\n\n<figure class=\"wp-block-image size-full\"><img decoding=\"async\" loading=\"lazy\" width=\"603\" height=\"353\" src=\"https:\/\/balzfeld.de\/wp-content\/uploads\/2024\/04\/image-1.png\" alt=\"\" class=\"wp-image-172\" srcset=\"https:\/\/balzfeld.de\/wp-content\/uploads\/2024\/04\/image-1.png 603w, https:\/\/balzfeld.de\/wp-content\/uploads\/2024\/04\/image-1-300x176.png 300w\" sizes=\"(max-width: 603px) 100vw, 603px\" \/><\/figure>\n\n\n\n<p>Weitere Informationen zur Asiatischen Hornisse und wie sich die Art von heimischen Insekten unterscheiden l\u00e4sst finden sich auf der Homepage der LUBW&nbsp;<a rel=\"noreferrer noopener\" href=\"https:\/\/www.lubw.baden-wuerttemberg.de\/natur-und-landschaft\/asiatische-hornisse\" target=\"_blank\">https:\/\/www.lubw.baden-wuerttemberg.de\/natur-und-landschaft\/asiatische-hornisse<\/a>&nbsp;sowie auf der Homepage der Landesanstalt f\u00fcr Bienenkunde der Universit\u00e4t Hohenheim unter&nbsp;<a rel=\"noreferrer noopener\" href=\"https:\/\/bienenkunde.uni-hohenheim.de\/vespavelutina\" target=\"_blank\">https:\/\/bienenkunde.uni-hohenheim.de\/vespavelutina<\/a>. Dort finden sich auch weitere Informationen, wie B\u00fcrgerinnen und B\u00fcrger aktiv bei der Suche nach Tieren und Nestern mitwirken k\u00f6nnen. Seit April 2024 koordiniert die Landesanstalt f\u00fcr Bienenkunde in Stuttgart-Hohenheim im Auftrag der Naturschutzverwaltung das landesweite Management der Asiatischen Hornisse (Kontakt siehe Homepage).<\/p>\n","protected":false},"excerpt":{"rendered":"<p>Asiatische Hornisse breitet sich aus \u2013 bitte Sichtungen melden!: Gemeinde Dielheim Die Asiatische Hornisse, eine invasive gebietsfremde Art, hat sich im Jahr 2023 massiv in Baden-W\u00fcrttemberg ausgebreitet. Sie kann insbesondere Sch\u00e4den an Honigbienenv\u00f6lkern, aber auch im Obst- und Weinbau verursachen. Im Fr\u00fchjahr baut die Asiatische Hornisse kleine Prim\u00e4rnester an gesch\u00fctzten Stellen (z.B. an Decken von [&hellip;]<\/p>\n","protected":false},"author":1,"featured_media":0,"parent":0,"menu_order":0,"comment_status":"closed","ping_status":"closed","template":"","meta":{"footnotes":""},"_links":{"self":[{"href":"https:\/\/balzfeld.de\/index.php?rest_route=\/wp\/v2\/pages\/167"}],"collection":[{"href":"https:\/\/balzfeld.de\/index.php?rest_route=\/wp\/v2\/pages"}],"about":[{"href":"https:\/\/balzfeld.de\/index.php?rest_route=\/wp\/v2\/types\/page"}],"author":[{"embeddable":true,"href":"https:\/\/balzfeld.de\/index.php?rest_route=\/wp\/v2\/users\/1"}],"replies":[{"embeddable":true,"href":"https:\/\/balzfeld.de\/index.php?rest_route=%2Fwp%2Fv2%2Fcomments&post=167"}],"version-history":[{"count":7,"href":"https:\/\/balzfeld.de\/index.php?rest_route=\/wp\/v2\/pages\/167\/revisions"}],"predecessor-version":[{"id":223,"href":"https:\/\/balzfeld.de\/index.php?rest_route=\/wp\/v2\/pages\/167\/revisions\/223"}],"wp:attachment":[{"href":"https:\/\/balzfeld.de\/index.php?rest_route=%2Fwp%2Fv2%2Fmedia&parent=167"}],"curies":[{"name":"wp","href":"https:\/\/api.w.org\/{rel}","templated":true}]}}